digit of 3 - (-3)/((-6)/2) - -185?
7
Let o(c) = -3*c**2 + c**3 + 10*c - 4*c**2 + 7 - 4*c. Let p be o(5). Let v = p + 22. What is the units digit of v?
9
Let n(k) = -k**3 - 3*k**2 + 6*k - 6. Let f be n(-5). Suppose 0*g = v + g - f, -3*g = -15. What is the units digit of v?
9
Let y(f) = f**3 - 6*f**2 - 2*f + 3. Let k be y(6). What is the units digit of (k/5)/((-1)/5)?
9
Suppose -4*b + 277 = i, -5*b + i - 4*i = -341. Let d = b - 98. What is the units digit of 2/(-3 - d/9)?
8
Let z(v) = -4*v - 21. What is the units digit of z(-8)?
1
Suppose -2*m + 3*z + 34 = -25, -5*m = -5*z - 135. What is the tens digit of m?
2
Let a(b) = -7*b - 14. Let x = 10 - 16. What is the tens digit of a(x)?
2
Let y(x) = -x**2 + 31. Let t be y(0). Let d = -51 - t. What is the tens digit of d/(-7) + (-14)/(-49)?
1
Suppose -n = 2*m + 4 + 4, 5*m + 11 = 2*n. What is the tens digit of 14 + -3*1/m?
1
Suppose c - w = 157, 2*w = -c - 14 + 159. What is the units digit of c?
3
Let h(l) = -l**2 + 9*l + 4. Let v be h(8). Let u(q) = -q**2 + 14*q - 11. What is the units digit of u(v)?
3
Suppose -5*h + 661 - 186 = 0. Suppose -5*y + h = 15. What is the units digit of y?
6
Suppose z - 48 = -0*z. Suppose 5*t - z = t. Let r = t + -5. What is the units digit of r?
7
Suppose 4*d - 6*d + 8 = 0. Suppose -d*z = z - 35. What is the units digit of z?
7
Suppose 4*j = 4*l - 2 - 2, -34 = 4*j + 2*l. Let h = 4 - j. What is the units digit of h?
0
Let h = -12 + 5. Let t(k) be the third derivative of -k**6/120 - k**5/10 + k**4/3 + 5*k**3/3 + 11*k**2. What is the units digit of t(h)?
3
Suppose 29 = 4*q + 21. Let n be (2 - -1)*(-4)/(-6). Suppose -w + n*w + q*y + 1 = 0, w - 14 = 3*y. What is the units digit of w?
5
Suppose 3*n = 4*d - 0*d + 119, 0 = -n + 5*d + 47. What is the tens digit of n?
3
Let f(n) = n**3 - n**2 - 4. Let m be f(0). Let c(w) be the first derivative of w**3/3 + w**2/2 - 2*w + 2. What is the units digit of c(m)?
0
Let l = 3 - 3. Let a(h) = -h + 30. What is the tens digit of a(l)?
3
What is the units digit of (3/9)/(1/15)?
5
Suppose -29 - 99 = -4*g. What is the tens digit of g?
3
Let u = -14 - -24. What is the units digit of (5/(u/36))/1?
8
Suppose -4*u + 3*l - 12 = 0, 0 = -7*u + 2*u + 5*l - 10. Suppose 2*r + 98 = 5*y, -2*r + 210 = -6*r + 3*y. What is the units digit of r/4*4/u?
9
Let b = -60 - -92. What is the tens digit of b?
3
Let m(v) = v**2 - 6*v + 4. Let q be m(4). Let i be (-45)/(1/q*-6). What is the units digit of (-5)/3*i/10?
5
Let d(g) = -g**2 + 23*g - 23. What is the tens digit of d(21)?
1
Let d(m) = m**2 + 4*m - 8. Let j be d(-6). Suppose -4*z + j + 8 = 0. What is the units digit of z?
3
Let t(d) = -d**3 - 17*d**2 + 8*d - 13. What is the hundreds digit of t(-18)?
1
Let v(q) = q**2 + 3*q - 10. Let k be v(-5). What is the tens digit of -1*((k - 19) + 2)?
1
Let n be 0/(1 + -4 + 2). Suppose 0 = -n*w - 3*w + 6. What is the units digit of w?
2
What is the tens digit of 19/(0 + 4/8)?
3
What is the units digit of ((-2)/(-1))/(14/21)?
3
Let x = 2 - 0. Suppose x*z = -3*z + 15. Suppose -5*f + 3*h + 60 = 0, 4*f = h - z*h + 26. What is the units digit of f?
9
Let p(q) = 5*q - 3*q - q**2 + 0*q - 8 + 6*q. What is the units digit of p(6)?
4
Let y = -4 + 2. Let a = y + 5. Suppose -r = -4*d - 38, 8*r + d = a*r + 85. What is the units digit of r?
8
What is the units digit of -3 + 59 + -2 + -4?
0
What is the tens digit of ((-738)/(-21))/(4/28)?
4
Let r be -1*(-1)/2*-4. Let c be 2/(-1) + r + 11. Let x = c + -2. What is the units digit of x?
5
Let r(w) = w**2 + 4*w + 7. What is the units digit of r(-10)?
7
Suppose 2*p - 3*y - 50 = 0, 4*p + 2*y - 68 = -0*y. What is the units digit of p?
9
Let c = 6 + -6. Suppose c*m + 5*m = 0. Let h = 5 + m. What is the units digit of h?
5
Suppose -2 = -y, n + 2*y - y - 108 = 0. What is the tens digit of n?
0
What is the tens digit of (2/4)/(3/174)?
2
Let z = -15 + 13. Let m(h) = 20*h**3 - 14*h**2 + 14. Let q(s) = 7*s**3 - 5*s**2 + 5. Let l(d) = -6*m(d) + 17*q(d). What is the units digit of l(z)?
5
Suppose 3*s - 10 = a, -3*s + a - 8 = -6*s. Suppose 8 = -4*d, 0*d + 14 = s*z - 4*d. Suppose 3*l = z*p - 19, 2*l - 1 = -7. What is the units digit of p?
5
Suppose 2*o + 3*v - 172 = 0, 3*o - 3*v = -6*v + 252. What is the units digit of o?
0
Suppose 0 = -7*i + 418 + 457. What is the tens digit of i?
2
Suppose 0*y + 28 = y. What is the tens digit of y?
2
Suppose -5*z + 2*w = -5 - 2, 4*z + 3*w - 1 = 0. What is the units digit of z*(-4)/((-4)/21)?
1
Let c be -1 + 3*(-3)/(-9). Suppose -3*h - 3*w + 12 = c, 3*h - 4*w + 22 = 6. Suppose -y + 2*y - 1 = h. What is the units digit of y?
1
Let s = -20 + 25. What is the units digit of s?
5
Let w(m) = 3*m**3 - 3*m**2 + 3*m. Let r(f) = -f**3 - f**2 + 2. Let b be r(0). Suppose s - 5 = -4*n, -b*n + s - 4*s = 5. What is the tens digit of w(n)?
1
Suppose 0 = -3*c - 0*c - b + 10, 2*c = b. Suppose -3*m - c = 10. Let p = 9 + m. What is the units digit of p?
5
Let n = 3 - 1. Let f(i) = i**3 - 2 - 3*i**n + 2 + 1. What is the units digit of f(3)?
1
Let t(y) = -2*y - 2. What is the tens digit of t(-9)?
1
Let v(s) be the third derivative of -s**5/60 - 5*s**4/12 - 7*s**3/6 - s**2. Let j(y) = -3*y. Let a be j(3). What is the units digit of v(a)?
2
Suppose -h - 2*h = -6. Suppose 2*c = -h*c + 40. What is the units digit of c?
0
Let a(w) = 12*w - 6. Let j(r) = -35*r + 17. Let h(g) = 17*a(g) + 6*j(g). Let s be h(-3). Let v = -8 + s. What is the units digit of v?
0
Suppose 3*n + 5 = 2. Let m = n - -8. What is the units digit of m?
7
Suppose 31*v = 29*v + 184. What is the tens digit of v?
9
Let s(w) = w**2 + 4*w - 22. What is the tens digit of s(-10)?
3
Suppose 0 = 4*a + u - 56, 0*u = -3*a - 2*u + 42. What is the units digit of a + 2 + -3 - -2?
5
What is the units digit of (-6)/(-12) + (-197)/(-2)?
9
Suppose n - 2*n + 3 = 0. Let d(a) = 3*a**2 - a + 3. What is the units digit of d(n)?
7
Let h(q) be the first derivative of q**4/4 + 13*q**3/3 - 5. Let f be h(-13). Suppose -z + 2*n + f + 17 = 0, -39 = -3*z + 3*n. What is the units digit of z?
9
Let b = 52 + 82. What is the tens digit of b?
3
Suppose -f - 5 = 2*g - 39, 2*f - 59 = -g. What is the units digit of f?
8
Suppose 6*v - 18 = 3*v. Suppose v*r - 144 = 3*r. What is the units digit of r?
8
Suppose -7 = -3*p - 1. Suppose 0*x - p*x = -22. What is the units digit of x?
1
Suppose 4*l + 4*q = -l + 64, 0 = 3*l - 4*q - 64. What is the tens digit of l?
1
Let p = -35 + 65. What is the units digit of 1/(-1 + p/27)?
9
Let u = 6 - -14. What is the units digit of u?
0
Let r(y) = -4*y + 10 - 1 - 3*y + 4*y. What is the units digit of r(-9)?
6
Let q be 0 + 9/3*-1. What is the units digit of 0 - (-1)/(q/(-24))?
8
Suppose 0 = -3*l + 8 + 28. Suppose 5*u + 2 - l = 0. What is the units digit of u?
2
Let w = -2 + 2. Suppose -2*z - 3*z = w. What is the units digit of (-1 - z) + 25/5?
4
Let y be (-1)/(-2)*(-6)/3. Let w = y - 1. Let i(b) = b**2 - 2*b - 1. What is the units digit of i(w)?
7
Let v = -4 - -11. What is the units digit of v?
7
What is the tens digit of 50/5 + -5 + 326?
3
Let x(c) = -5*c + 4. Let l be x(-4). Suppose 0 = -0*o - 4*o + l. What is the units digit of o?
6
Let h(y) = -11*y**2 + 20*y - 3. Let i(l) = 5*l**2 - 10*l + 2. Let w(j) = -4*h(j) - 9*i(j). Let g be w(9). What is the units digit of g/3*1 - -16?
7
Let a(m) = 4*m**2 + 2*m - 3. Let f be 1*2 + -5 + 6. What is the units digit of a(f)?
9
Suppose 3*s - 5*s = -2. Suppose 3*f - 27 = -99. What is the units digit of 2/(-4)*s*f?
2
Let k(r) be the third derivative of -r**6/120 - r**5/30 + r**4/4 + r**3/2 - 2*r**2. Let s = -4 + 0. What is the tens digit of k(s)?
1
Let z = 328 + -230. What is the units digit of z?
8
Let w be ((-4)/14)/(2/(-14)). Suppose 1 = -w*f + 5. Suppose -n + 2*b = -4*n + 19, -f*b = 2. What is the units digit of n?
7
Let c(r) = -r - 1. Let u(i) = -i + 3. Let k be u(4). Let n be c(k). Let f = n + 2. What is the units digit of f?
2
Suppose -4*z + 24 = 4*h, 0*z = h + 2*z - 10. Suppose t - 21 = -2*q - 8, -h = -3*q + 2*t. Suppose 0*n = q*n - 16. What is the units digit of n?
4
Let q(u) be the third derivative of -u**4/24 + u**3/2 + u**2. What is the units digit of q(0)?
3
Let c = 21 + 64. Suppose 13*b - 8*b - c = 0. What is the tens digit of b?
1
Suppose 3*d - 1 = 8. Suppose -5*z - 23 = 2*a - a, -5*a + 4*z = -30. Suppose -a*v - d*v = -50. What is the tens